 + t*a = -313 + 11. What is the tens digit of q?
0
What is the hundreds digit of (3 - -1197)*176/132?
6
Let m(s) = s**3 - 14*s**2 - 17*s + 41. Let f be m(15). Suppose 10 = v + 5*n, -2*v + 5*n - 6*n = -f. What is the tens digit of v + -2 + ((-21)/7 - -146)?
4
Let t = -2884 + 27778. What is the units digit of t?
4
Suppose -2*y + 1180 = 4*i - 1846, 5*y = 5. Suppose -2*n - c = -i, -1887 = -5*n - 0*n - 4*c. What is the hundreds digit of n?
3
Suppose 0*k = 2*k + k. Suppose -3*w = -4*r + 725, 4*w + 5*r + 160 + 755 = k. Let u = w - -383. What is the tens digit of u?
4
Suppose -4588 + 21000 = -11*y. What is the units digit of (-3)/(21/y) - (-3)/(-21)?
3
Suppose 3*b + 77*l - 76967 = 72*l, -76973 = -3*b - 2*l. What is the ten thousands digit of b?
2
What is the hundreds digit of 1392/609 + ((-2)/(-7))/(-1) + 9914?
9
What is the thousands digit of 338/(-676)*(0 - 18318)?
9
Let t be 11 + -13 - (3 + -1). Let m be (6/t)/((-20)/40). What is the tens digit of m/5 - (-944)/10?
9
Let j be (1 - 4)*(-196)/12. What is the units digit of (-28)/j - ((-15438)/21)/2?
7
Suppose y - 13*k = -10*k + 74223, 0 = -2*k - 2. What is the thousands digit of y?
4
Let s(h) = 7*h - 41. Let m be s(7). What is the tens digit of 1501 - ((5 - m) + -6)?
1
Let i(g) = g + 8. Let f be i(-5). Let n be (30/2 - -4) + (f - 1). Let c = n - 9. What is the units digit of c?
2
Suppose -41 - 25 = -3*f. What is the tens digit of 6/f - (-186880)/803?
3
Let o be (-2 - -3)*(5 - 5). Suppose 12*u - 6*u - 906 = o. What is the hundreds digit of u?
1
Let j = 38 - -68. What is the tens digit of j?
0
Suppose -4*c - 33*j + 32*j = -9580, c = 5*j + 2416. What is the hundreds digit of c?
3
Suppose 0 = 90*b - 101*b + 89173 + 883491. What is the units digit of b?
4
Suppose 5*f = 4*y - 68604, y - 17151 = -667*f + 670*f. What is the thousands digit of y?
7
Suppose -84*r + 83*r = 2*g - 81362, -40696 = -g - 3*r. What is the ten thousands digit of g?
4
Suppose 26*u + 2*z - 89324 = 21*u, -5*u = 5*z - 89330. What is the tens digit of u?
6
Let q be -1*(-15 - -2)*(-27560)/(-10). What is the tens digit of q/78 + (-2)/6?
5
Let c = 2403 - 1958. What is the hundreds digit of c?
4
Let p(k) = 5*k**3 + 40*k**2 + 10*k + 11. Let g be p(-7). Suppose 5*n - g = -4*w + 391, 2*w = n - 107. What is the hundreds digit of n?
1
Let c = 29 + -28. Let k = 5 - c. Suppose 0 = -t - k*q + 32, -4*t = -t - 2*q - 26. What is the units digit of t?
2
Suppose 5*z - 24*y - 26372 = -23*y, 0 = -4*z + 3*y + 21102. What is the units digit of z?
4
Suppose -88 = -9*r + r. Let z be r/(-4)*(-14 + 10). What is the tens digit of (2 - -1) + (-11)/(z/(-102))?
0
Let x be 3/(-36)*-3*(2 - -6). Suppose 4*u - 3*y - 1965 = 0, x*y = 9 + 1. What is the hundreds digit of u?
4
Suppose 0*u - 48036 = -6*u. What is the thousands digit of u?
8
Let q(y) = 8*y**3 + 8*y**2 - 11*y - 10. Let n be q(6). Suppose 17*k = 12*k + n. Suppose -4*s - 84 = -2*p - k, s - p - 74 = 0. What is the units digit of s?
8
Suppose 74 = 4*b + s - 103, 3*b - s = 124. Let r = -41 + b. Suppose 50 = r*n - 42. What is the units digit of n?
6
Suppose -5*d = 3*g - 230, 4*d + 138 = -4*g + 458. Let t be 102/g*5/2. Suppose 0 = 5*j + t*c - 818, 6*j = 5*j + c + 162. What is the units digit of j?
3
Let a be (-1)/2 + 6614/4 + -1. Suppose 5388 = 8*o + a. What is the units digit of o?
7
Let v = 1382 + 2660. What is the units digit of v?
2
Let y(v) = -6*v - 103. Let b be y(-17). What is the tens digit of (21*34)/2 - (b + -2)?
6
Let a be 24/(((-12)/9)/(-2)). Suppose 0 = 5*p + 4*z - a, 3*z + 1 = 5*p - 7. Suppose 7*f = -4*w + p*f + 106, -w + 4*f = -17. What is the tens digit of w?
2
Let p = 1 + 42. Suppose 4*w + 23 = p. Suppose -4*b + w*j - 3*j = -484, 3*b + 5*j - 389 = 0. What is the tens digit of b?
2
Let d = 2 + 9. Suppose -d*c + 25*c = 4816. What is the hundreds digit of c?
3
What is the tens digit of 2480848/72 - -3 - (98/63)/7?
5
Let o = -7103 - -24235. What is the units digit of o?
2
Suppose 0 = 13*l + 64 + 53. What is the units digit of 2*5*(14121/(-30))/l?
3
Suppose 2*c - 3*h + 4*h = 111, 3*c + 3*h = 168. Suppose 15925 = c*i + 2230. What is the tens digit of i?
4
Let l = 103 + -114. What is the units digit of (l - -6) + (-8)/12*-1137?
3
Suppose -3*o + 1 - 13 = -3*h, 5*o - h + 20 = 0. What is the hundreds digit of ((-54)/o)/((-63)/(-1344))?
2
Let b(c) = 3*c**3 - 50*c**2 - 3*c + 1025. What is the ten thousands digit of b(35)?
6
Suppose 9*a - 19 - 89 = 0. Suppose -a*q + 8*q + 1556 = 0. What is the units digit of q?
9
What is the thousands digit of (804/(-21))/((-6)/357)?
2
Suppose 5549491 = 180*m + 964463 - 4067212. What is the hundreds digit of m?
0
Suppose 11*v + 47 - 124 = 0. Suppose -v*r - 130 = -452. What is the units digit of r?
6
Let v(o) = 5*o**2 + 9*o + 4. Let i be (4 + -1)/(-5 + 3282/660). Let u = i + 104. What is the tens digit of v(u)?
3
Suppose 4*w - 72 = -4*p + 5*w, 36 = 2*p + w. Suppose 5*a + p*a - 34477 = 0. What is the tens digit of a?
9
Let b = 60 - 58. Suppose b*t - 14 + 6 = 0. Suppose t = v - 25. What is the units digit of v?
9
Suppose -9*s + 2*j = -89938, -7*j - 10017 = -s - 2*j. What is the units digit of s?
2
Let y(l) = l**3 - 3*l**2 - 3*l + 1. Let n be y(4). Suppose -3*s + n = -10. Let g(v) = 9*v - 4. What is the units digit of g(s)?
1
Let q(p) = 10*p**2 + 31*p - 789. What is the tens digit of q(12)?
2
Let a = -398 + 400. Suppose a*l - 2*y = 324, 5*y = -5*l + 9*y + 807. What is the units digit of l?
9
Suppose -21*f - 35*f + 321720 = 0. What is the tens digit of f?
4
Let r = 175 + -171. Suppose 4*k - 2*s = 544, 0 = s + r*s - 10. What is the hundreds digit of k?
1
Let v be -718*(60/(-8) - -8). Let q = v - -1381. What is the tens digit of q?
2
Let g(j) = 196 + 41*j - 4*j - 215. Let n be g(20). Suppose 1169 = 10*o - n. What is the units digit of o?
9
Suppose 0 = -7*p - 1 + 1. Suppose p*j + j + 110 = -2*h, 0 = j - 4. What is the tens digit of (-1305)/(-57) + (-6)/h?
2
Let i(p) = -8*p**2 + 5*p + 5 + 9*p**2 + 4*p**2 + 7*p**2. Let m = -1 + -3. What is the hundreds digit of i(m)?
1
Suppose -12 = 3*w, -8*w = 4*s - 10*w + 1596. Let n = 1017 + s. What is the units digit of n?
6
Suppose 548 = 4*i + 5*w, -w + 0*w - 524 = -4*i. Let g = i + -26. Suppose 4*b - 22 = -2*l + 16, 4*l = -2*b + g. What is the units digit of l?
9
Let x = -15608 + 29580. What is the units digit of x?
2
Let p be (27/(-54))/(2/(-2488)). Let k = p + -231. What is the units digit of k?
1
Let b(j) = -2*j**2 - 15*j - 13. Let x be b(-6). Suppose 3*l - 1457 = -x*z, 3*l - z - 840 - 611 = 0. What is the hundreds digit of l?
4
Let t be (-48)/(4 - 66/12). What is the tens digit of 8164/28 - t/56?
9
Suppose 8*a + 455 = -697. Let z = 397 - a. What is the hundreds digit of z?
5
Let m be (3 + 24/(-10))/((-6)/(-30)). Suppose s - m*x - 291 = -4*x, 0 = -4*s + 3*x + 1157. What is the tens digit of s?
9
Let n(r) = r**2 + 12*r - 18. Let s be n(-14). Suppose 2*x + 3*x = s. Suppose -3*v - 3*p - 57 = -4*v, -270 = -4*v - x*p. What is the tens digit of v?
6
Suppose -175*f + 179*f - 3372 = 0. Suppose 3*d = 2*p - 1688, -p + 0*d + f = -d. What is the units digit of p?
1
Suppose 2*l = q + 9, 0 = -3*l + 5*q - q + 26. Suppose s = -0*v - l*v + 110, 0 = -s + 4. What is the tens digit of v?
5
Let j be 59*14/3*6/4. Let u = j - 108. What is the tens digit of u?
0
What is the ten thousands digit of 1/((-105)/(-1955304)) + 9 + 1878/(-210)?
1
Suppose -23 = 2*f - 25. Let i be 3344/12 - f - 2/(-6). Let t = i + -27. What is the tens digit of t?
5
What is the hundreds digit of 1 + 8 + 47720 + -13?
7
Suppose -b = -4*b - 219. Let j = -77 - b. What is the tens digit of (-431)/j - ((-18)/8)/(-3)?
0
Let o(v) = 53*v**2 - 81*v + 1194. What is the units digit of o(24)?
8
Let n be ((-28)/(-21))/(2/(-108)). Let g = -70 - n. What is the units digit of -75*(8/24)/((-1)/g)?
0
Let x(u) = 7*u**3 + 26*u**2 + 37*u - 83. Let h(z) = -19*z**3 - 77*z**2 - 111*z + 248. Let m(c) = -4*h(c) - 11*x(c). What is the hundreds digit of m(21)?
1
Let d = -12 - -14. Let x be d*2/(-8) + 7054/(-4). What is the hundreds digit of (-12)/30 - x/10?
1
Let h(b) = 15*b**3 + 6*b**2 + 41*b + 15. What is the tens digit of h(12)?
9
Let t = 182 + -175. What is the units digit of (t - 13 - -23)*5?
5
Let p(t) = 116*t + 1097. What is the hundreds digit of p(0)?
0
Suppose 90*z + 122*z - 2253550 = 6761962. What is the ten thous